etermine y(-4).
21
Let p(t) = t**2 + 5*t - 9. What is p(5)?
41
Let j(c) = 5*c + 50. What is j(-9)?
5
Let d(w) = -w**2 - 14*w - 48. What is d(-10)?
-8
Let c(l) = l**3 + 11*l**2 - 3*l + 10. What is c(-11)?
43
Let q(f) = -2*f**2 + 60*f + 207. What is q(33)?
9
Let z(y) = y - 17. Give z(6).
-11
Let w(z) = -z**3 - 3*z**2 - 3*z + 2. Determine w(-3).
11
Let m(z) = z**3 - 82*z**2 - 79*z - 327. What is m(83)?
5
Let a(z) = 2*z + 1. Calculate a(5).
11
Let m(h) = -h**3 - 27*h**2 + 30*h + 61. Determine m(-28).
5
Let l(u) = 8*u + 107. What is l(-11)?
19
Let u(h) = -h**2 - 20*h + 34. Give u(-22).
-10
Let a(x) = 13*x - 62. Give a(7).
29
Let v(u) = -u**2 + 17*u + 307. Give v(28).
-1
Let v(i) = 2*i**3 + 4*i**2 - 8*i + 5. Give v(1).
3
Let u(s) = s**2 + 6*s - 40. Calculate u(-9).
-13
Let u(t) = -t - 55. Give u(-62).
7
Let z(d) = 8*d**3 + 13*d - 1. What is z(0)?
-1
Let a(h) = 19*h - 12. Determine a(4).
64
Let u(k) = k**2 + 7*k - 32. What is u(-11)?
12
Let a(c) = -c**3 + 4*c**2 - 3*c + 7. What is a(3)?
7
Let t(l) = -17*l - 118. Give t(-7).
1
Let d(i) = -2*i - 15. Calculate d(-9).
3
Let q(h) = -h**2 + h - 23. Determine q(0).
-23
Let d(r) = r**3 - 11*r**2 - 21*r + 82. Calculate d(12).
-26
Let f(j) = 2*j**3 - 4*j**2 + 3*j - 5. Give f(3).
22
Let r(g) = 2*g**2 - 5*g - 85. Determine r(8).
3
Let z(u) = u**3 - 6*u**2 - u + 11. Determine z(5).
-19
Let r(f) = -f + 21. Calculate r(34).
-13
Let u(j) = 2*j - 13. Give u(14).
15
Let y(u) = -4*u**3 - u**2 + 3*u + 2. Calculate y(-2).
24
Let h(c) = -2*c. Calculate h(5).
-10
Let q(n) = -n**3 - 3*n**2 + 2*n + 5. What is q(2)?
-11
Let y(w) = w**3 + 7*w**2 + 5*w - 4. Calculate y(-7).
-39
Let j(u) = u - 4. Calculate j(-14).
-18
Let a(k) = -2*k - 25. Give a(6).
-37
Let i(y) = -2*y**3 + 55*y**2 - 27*y + 15. What is i(27)?
15
Let u(k) = 25*k + 246. Determine u(-10).
-4
Let a(l) = 10*l - 24. Give a(2).
-4
Let d(p) = -2*p + 31. Determine d(5).
21
Let r(o) = -182*o**2 + 3*o + 2. What is r(-1)?
-183
Let w(i) = -2*i + 66. Give w(33).
0
Let y(m) = -14*m - 9. Give y(-3).
33
Let j(c) = c**2 - 25*c + 38. Calculate j(21).
-46
Let o(t) = -t**3 + 5*t**2 - 2. Calculate o(3).
16
Let l(p) = -2*p - 10. Calculate l(-4).
-2
Let o(d) = d**3 + d**2 - d - 27. What is o(0)?
-27
Let o(l) = -l**3 + 9*l**2 - 7*l + 57. Give o(9).
-6
Let a(w) = -10*w**2 + 6*w - 4. Give a(2).
-32
Let n(b) = b**3 - 4*b**2 - 3*b - 1. Give n(4).
-13
Let k(u) = 9*u - 82. Give k(9).
-1
Let t(m) = -m**3 + 3*m**2 + 4*m + 4. Calculate t(4).
4
Let a(j) = 3*j**2 - 9*j + 9. What is a(4)?
21
Let c(x) = x**3 - 4*x**2 - 3*x - 2. Determine c(4).
-14
Let y(d) = -2*d**2 - 7*d + 5. Give y(4).
-55
Let p(b) = b**3 + 3*b**2 + b + 9. Calculate p(-4).
-11
Let b(w) = -18*w**2 + 1. What is b(-1)?
-17
Let q(f) = f**3 - 11*f**2 - f + 10. Determine q(11).
-1
Let x(n) = -3*n + 5. Determine x(-6).
23
Let i(m) = 7*m + 107. What is i(-17)?
-12
Let z(w) = -w**2 - 8*w - 8. What is z(-6)?
4
Let b(u) = -5*u**2 + 11*u + 9. Give b(4).
-27
Let i(u) = u**3 + 8*u**2 - 11*u + 4. Calculate i(-9).
22
Let n(b) = 2*b**2 + 22*b + 15. Give n(-11).
15
Let w(a) = a**2 - 14*a - 14. What is w(15)?
1
Let c(s) = 2*s - 3. Determine c(1).
-1
Let q(x) = -5*x - 40. Determine q(-8).
0
Let t(w) = -3*w - 38. Determine t(6).
-56
Let t(g) = -g**3 - 28*g**2 - 2*g - 40. Determine t(-28).
16
Let g(x) = -x**3 - 8*x**2 - 9*x + 18. Calculate g(-6).
0
Let m(u) = u**3 + 3*u**2 - u - 8. Determine m(-3).
-5
Let s(r) = 8*r**3 - 4*r**2 - 6*r - 1. What is s(-1)?
-7
Let t(y) = -16*y - 41. What is t(-2)?
-9
Let h(z) = z**3 + 8*z**2 + 19. Give h(-8).
19
Let h(v) = v**2 + 16*v - 36. Give h(-17).
-19
Let p(u) = 3*u**2 + 13*u - 9. Give p(-6).
21
Let x(w) = 5*w**2 - 22*w - 5. What is x(5)?
10
Let i(m) = -3*m + 12. What is i(6)?
-6
Let c(n) = -9*n**2 - 3*n + 2. Give c(2).
-40
Let d(m) = m**3 - 15*m**2 - 2*m + 29. Give d(15).
-1
Let h(c) = -14*c**2 - c - 2. Calculate h(-1).
-15
Let j(p) = 3*p**2 + 12*p - 28. What is j(-7)?
35
Let h(t) = 3*t - 16. Determine h(8).
8
Let h(j) = -5*j - 2. Determine h(-3).
13
Let x(l) = 2*l + 56. Calculate x(-8).
40
Let y(i) = 2*i**2 - 16*i - 15. Determine y(9).
3
Let y(o) = -o**3 + 10*o**2 - 3*o + 3. Determine y(9).
57
Let j(x) = -x**2 - 9*x + 12. Determine j(-11).
-10
Let d(u) = -32*u - 184. Give d(-6).
8
Let o(i) = 11*i + 4. Calculate o(-2).
-18
Let d(h) = h - 12. Determine d(7).
-5
Let y(u) = 3*u**3 + 4*u**2 + u + 2. Determine y(-3).
-46
Let r(y) = -y - 3. Determine r(-9).
6
Let w(j) = -10*j + 16. Determine w(1).
6
Let m(b) = -3*b - 11. Determine m(0).
-11
Let o(m) = -m + 24. Give o(-6).
30
Let b(p) = p**2. What is b(1)?
1
Let v(l) = 13*l + 8. Give v(1).
21
Let a(b) = -b**2 + 3*b + 37. Give a(-7).
-33
Let s(r) = -4*r - 4. Determine s(-4).
12
Let l(c) = -4*c - 13. What is l(-5)?
7
Let c(r) = -3*r + 2. Calculate c(2).
-4
Let x(i) = -i**3 - 5*i**2 + i + 11. What is x(-5)?
6
Let v(j) = -2*j**2 + 14*j - 35. Calculate v(3).
-11
Let a(n) = n**2 + 15*n + 19. Calculate a(-14).
5
Let l(u) = 3*u + 8. Give l(-9).
-19
Let w(d) = d**2 + 17*d + 52. Calculate w(-14).
10
Let d(g) = -g - 36. What is d(0)?
-36
Let m(r) = -2*r**3 + 3*r - 4. Calculate m(-2).
6
Let f(x) = -2*x - 11. Determine f(-5).
-1
Let o(p) = -16*p + 106. What is o(7)?
-6
Let z(l) = -4*l**2 + 3*l + 23. What is z(7)?
-152
Let u(i) = 11*i + 17. Calculate u(-14).
-137
Let t(f) = f**2 + 83*f + 1218. Determine t(-64).
2
Let r(i) = i**3 + 2*i**2 - 7*i - 9. What is r(-4)?
-13
Let x(p) = 2*p**2 - 20*p - 21. Calculate x(11).
1
Let n(s) = -11*s - 4. Give n(1).
-15
Let m(t) = t**3 - 12*t**2 - 16*t + 31. Calculate m(13).
-8
Let f(y) = y + 15. What is f(-10)?
5
Let s(l) = -l**2 + 8*l - 8. Give s(4).
8
Let p(c) = -c**2 - c + 8. Calculate p(-5).
-12
Let o(i) = -i**3 - i**2 - 10*i - 1. Determine o(-4).
87
Let y(t) = 7*t + 18. Give y(-4).
-10
Let w(s) = -2*s**2 + 34*s + 3. What is w(17)?
3
Let h(v) = 5*v - 54. Determine h(8).
-14
Let g(n) = -9*n**2 + 25*n - 8. Calculate g(3).
-14
Let n(s) = s**3 + 15*s**2 + 2*s + 62. Give n(-15).
32
Let j(a) = a**2 - 2*a - 11. What is j(5)?
4
Let b(z) = -32*z**2 - 4*z - 3. What is b(-1)?
-31
Let x(v) = -3*v - 10. Give x(15).
-55
Let x(m) = m**2 + 10*m - 16. What is x(-11)?
-5
Let x(o) = o**2 + 11*o + 19. What is x(-8)?
-5
Let f(l) = 5*l - 16. What is f(4)?
4
Let l(m) = -10*m + 44. What is l(3)?
14
Let c(a) = -2*a**2 - 3*a - 3. What is c(-2)?
-5
Let y(d) = -6*d**2 + 6*d + 1. Determine y(3).
-35
Let a(d) = -d - 51. Give a(15).
-66
Let j(a) = -a**2 - 9*a - 1. Give j(-9).
-1
Let b(p) = -2*p + 3. Give b(-1).
5
Let t(g) = -g - 30. Calculate t(11).
-41
Let s(o) = -o**3 + 13*o**2 + 16*o. What is s(14)?
28
Let t(s) = -2*s**2 - 23*s - 12. Give t(-12).
-24
Let s(c) = -11*c - 17. Give s(4).
-61
Let j(w) = -w**3 - w**2 + 16*w + 18. What is j(0)?
18
Let i(z) = -10*z - 1. Give i(-2).
19
Let o(g) = -g**2 - 11*g - 17. Give o(-10).
-7
Let v(i) = i**2 - 18. Give v(-12).
126
Let i(z) = -2*z + 103. What is i(38)?
27
Let m(b) = 2*b**2 - 7*b - 104. What is m(9)?
-5
Let t(x) = x**2 + 18*x + 31. Calculate t(-16).
-1
Let r(y) = y**3 - 12*y**2 + 11*y + 3. Calculate r(11).
3
Let c(n) = -n**2 + 4*n + 4. Calculate c(-2).
-8
Let l(y) = -18*y + 87. Calculate l(5).
-3
Let k(x) = 386*x - 385. Calculate k(1).
1
Let z(f) = -4*f + 5. Give z(1).
1
Let v(i) = 2*i + 11. Give v(10).
31
Let j(k) = 2*k - 46. Give j(22).
-2
Let y(z) = z**3 - 26*z**2 - 28*z + 24. Determine y(27).
-3
Let s(u) = u**2 - 10*u + 43. Determine s(7).
22
Let f(x) = 2*x**2 + 7*x + 4. Give f(-5).
19
Let o(p) = -p**2 - p + 2. Calculate o(-6).
-28
Let n(f) = -4*f**2 - 4*f + 14. Calculate n(-6).
-106
Let z(q) = -3*q + 1. Give z(-5).
16
Let x(z) = -z**3 + 2*z**2 - 5*z + 3. What is x(1)?
-1
Let h(l) = -l**2 - 9*l + 8. Calculate h(-10).
-2
Let y(o) = 7*o**2 + 4*o + 10. Determine y(-2).
30
Let f(h) = h - 7. Give f(6).
-1
Let h(v) = -v**3 + 4*v**2 - v - 9. Determine h(0).
-9
Let h(i) = -i**3 - 7*i**2 - 10*i - 6. Calculate h(-6).
18
Let y(t) = 2*t**2 - 17*t + 41. What is y(7)?
20
Let h(d) = -d**2 - 11*d - 21. Calculate h(-9).
-3
Let o(p) = p + 16. What is o(0)?
16
Let r(q) = -12*q**2 - 119*q - 2. Calculate r(-10).
-12
Let z(l) = l + 9. Calculate z(19).
28
Let l(w) = 3*w**2 - 2*w + 4. What is l(-3)?
37
Let n(a) = -111*a**2 - 2*a. What is n(-1)?
-109
Let s(r) = 45*r**2 + r + 1. Give s(-1).
45
Let x(j) = 2*j**2 + 89*j - 131. What is x(-46)?
7
Let o